3, 197
List the prime factors of 536089.
229, 2341
List the prime factors of 338929.
17, 19937
What are the prime factors of 19152866?
2, 9576433
What are the prime factors of 770354?
2, 13, 29629
List the prime factors of 17183.
17183
List the prime factors of 10785740.
2, 5, 7, 77041
What are the prime factors of 2971877?
31, 37, 2591
List the prime factors of 1836593.
11, 103, 1621
What are the prime factors of 1390216?
2, 173777
What are the prime factors of 861250?
2, 5, 13, 53
List the prime factors of 337447.
11, 30677
List the prime factors of 46914.
2, 3, 7, 1117
What are the prime factors of 10442091?
3, 11, 109, 2903
What are the prime factors of 452175?
3, 5, 6029
What are the prime factors of 7621865?
5, 17, 89669
What are the prime factors of 38559?
3, 12853
List the prime factors of 11629497.
3, 11, 352409
List the prime factors of 2280294.
2, 3, 126683
What are the prime factors of 2492328?
2, 3, 113, 919
List the prime factors of 232889.
463, 503
What are the prime factors of 167768?
2, 67, 313
What are the prime factors of 353196?
2, 3, 9811
What are the prime factors of 219322?
2, 109661
What are the prime factors of 145534?
2, 72767
List the prime factors of 2756521.
2756521
List the prime factors of 19146507.
3, 523, 12203
List the prime factors of 678665.
5, 13, 53, 197
What are the prime factors of 1104454?
2, 13, 107, 397
What are the prime factors of 11123692?
2, 2780923
What are the prime factors of 16254434?
2, 7, 1161031
List the prime factors of 61631.
61631
List the prime factors of 84365.
5, 47, 359
What are the prime factors of 405241?
405241
What are the prime factors of 188044?
2, 53, 887
What are the prime factors of 4484725?
5, 7, 523
What are the prime factors of 190447?
43, 103
What are the prime factors of 1366093?
1366093
List the prime factors of 11470381.
13, 229, 3853
List the prime factors of 706826.
2, 17, 20789
What are the prime factors of 159116?
2, 39779
List the prime factors of 377901.
3, 199, 211
List the prime factors of 731403.
3, 103, 263
List the prime factors of 8274934.
2, 79, 83, 631
List the prime factors of 145733.
7, 109, 191
What are the prime factors of 41756?
2, 11, 13, 73
List the prime factors of 2696061.
3, 47, 19121
List the prime factors of 2142.
2, 3, 7, 17
List the prime factors of 187307.
97, 1931
List the prime factors of 7725.
3, 5, 103
What are the prime factors of 12862514?
2, 7, 918751
List the prime factors of 2765696.
2, 17, 31, 41
List the prime factors of 778068.
2, 3, 21613
List the prime factors of 201801.
3, 137, 491
What are the prime factors of 72652?
2, 41, 443
List the prime factors of 4463161.
113, 127, 311
What are the prime factors of 1563956?
2, 390989
What are the prime factors of 15072313?
15072313
List the prime factors of 1713817.
7, 103, 2377
What are the prime factors of 5702630?
2, 5, 97, 5879
What are the prime factors of 211377?
3, 70459
List the prime factors of 12147016.
2, 7, 216911
List the prime factors of 283070.
2, 5, 28307
List the prime factors of 15359429.
19, 808391
List the prime factors of 3804216.
2, 3, 13, 89, 137
What are the prime factors of 1371680?
2, 5, 8573
What are the prime factors of 389754?
2, 3, 59, 367
List the prime factors of 388482.
2, 3, 64747
What are the prime factors of 1725877?
29, 59513
What are the prime factors of 12145838?
2, 29, 197, 1063
What are the prime factors of 14842763?
13, 71, 1237
List the prime factors of 917264.
2, 57329
List the prime factors of 16751985.
3, 5, 41, 27239
What are the prime factors of 79521?
3, 13, 2039
List the prime factors of 685595.
5, 137119
List the prime factors of 5785497.
3, 642833
What are the prime factors of 287860?
2, 5, 37, 389
What are the prime factors of 3264918?
2, 3, 17, 32009
List the prime factors of 102994.
2, 23, 2239
What are the prime factors of 2421507?
3, 11, 73379
What are the prime factors of 584928?
2, 3, 677
List the prime factors of 864791.
509, 1699
List the prime factors of 305365.
5, 157, 389
What are the prime factors of 1600303?
47, 79, 431
What are the prime factors of 73933?
17, 4349
What are the prime factors of 793718?
2, 103, 3853
List the prime factors of 1414124.
2, 353531
List the prime factors of 26608.
2, 1663
List the prime factors of 8219493.
3, 43, 67, 317
List the prime factors of 9703159.
2843, 3413
List the prime factors of 409582.
2, 204791
List the prime factors of 22901247.
3, 41, 53, 1171
List the prime factors of 455370.
2, 3, 5, 43, 353
What are the prime factors of 251260?
2, 5, 17, 739
What are the prime factors of 4159428?
2, 3, 7, 13, 293
List the prime factors of 155774.
2, 71, 1097
What are the prime factors of 20920354?
2, 7, 13, 16421
List the prime factors of 5129538.
2, 3, 854923
What are the prime factors of 360056?
2, 45007
List the prime factors of 4772583.
3, 83, 6389
List the prime factors of 247336.
2, 43, 719
What are the prime factors of 636812?
2, 11, 41, 353
List the prime factors of 13829053.
7, 113, 17483
List the prime factors of 4790553.
3, 1596851
List the prime factors of 821551.
821551
List the prime factors of 47750.
2, 5, 191
What are the prime factors of 123084?
2, 3, 13, 263
List the prime factors of 829286.
2, 414643
List the prime factors of 3546665.
5, 331, 2143
List the prime factors of 617801.
617801
List the prime factors of 320007.
3, 106669
What are the prime factors of 640253?
149, 4297
List the prime factors of 97254.
2, 3, 1801
What are the prime factors of 1445962?
2, 7, 179, 577
What are the prime factors of 6399878?
2, 991, 3229
List the prime factors of 1560317.
11, 83, 1709
List the prime factors of 87080.
2, 5, 7, 311
List the prime factors of 479769.
3, 19, 443
List the prime factors of 913619.
7, 130517
What are the prime factors of 1842243?
3, 13, 47237
List the prime factors of 14496978.
2, 3, 2416163
What are the prime factors of 3032885?
5, 17, 31, 1151
What are the prime factors of 23726?
2, 11863
What are the prime factors of 1064346?
2, 3, 53, 3347
What are the prime factors of 4459291?
1481, 3011
List the prime factors of 9488486.
2, 7, 19, 35671
List the prime factors of 3718530.
2, 3, 5, 79, 523
List the prime factors of 357695.
5, 13, 5503
List the prime factors of 10616113.
487, 21799
What are the prime factors of 865948?
2, 37, 5851
What are the prime factors of 1832754?
2, 3, 7, 11, 3967
What are the prime factors of 420751?
127, 3313
What are the prime factors of 13271410?
2, 5, 31, 1381
What are the prime factors of 1002491?
7, 41, 499
List the prime factors of 923900.
2, 5, 9239
List the prime factors of 145562.
2, 73, 997
List the prime factors of 48117.
3, 43, 373
List the prime factors of 186296.
2, 11, 29, 73
List the prime factors of 3071511.
3, 31, 101, 109
List the prime factors of 795408.
2, 3, 73, 227
List the prime factors of 20233730.
2, 5, 11, 183943
List the prime factors of 335600.
2, 5, 839
What are the prime factors of 302522?
2, 11, 13751
What are the prime factors of 2093772?
2, 3, 174481
List the prime factors of 156116.
2, 31, 1259
List the prime factors of 17403560.
2, 5, 311, 1399
What are the prime factors of 463146?
2, 3, 77191
What are the prime factors of 5210113?
59, 233, 379
List the prime factors of 223979.
7, 653
List the prime factors of 142103.
13, 17, 643
List the prime factors of 1764.
2, 3, 7
What are the prime factors of 1991528?
2, 7, 11, 53, 61
What are the prime factors of 1290452?
2, 322613
List the prime factors of 14951093.
14951093
List the prime factors of 15401251.
15401251
What are the prime factors of 4681919?
11, 17, 25037
What are the prime factors of 99552?
2, 3, 17, 61
What are the prime factors of 2987760?
2, 3, 5, 59, 211
List the prime factors of 9465688.
2, 1183211
List the prime factors of 598298.
2, 17, 17597
What are the prime factors of 24473738?
2, 29, 509, 829
List the prime factors of 303026.
2, 103, 1471
What are the prime factors of 187934?
2, 93967
What are the prime factors of 2819961?
3, 19, 23, 239
What are the prime factors of 265811?
7, 13, 23, 127
List the prime factors of 10910810.
2, 5, 211, 5171
What are the prime factors of 21696854?
2, 43, 252289
List the prime factors of 141663.
3, 47221
List the prime factors of 86799.
3, 28933
What are the prime factors of 3986335?
5, 5